ed by a?
6
Suppose -205 = 2*r - 217. Suppose r*w + 62 = 224. Calculate the remainder when 158 is divided by w.
23
Suppose -3*j + 251 + 73 = 0. Let i = j - 102. Suppose 3*y + 123 = 3*z, -z = y - i*y - 49. What is the remainder when 114 is divided by z?
36
Let i = 269 - 183. Suppose 0 = 15*k - 2177536 + 2177101. What is the remainder when i is divided by k?
28
Let j = -1859 + 2075. What is the remainder when 806 is divided by j?
158
Let m(d) = 13*d + 615. Calculate the remainder when m(23) is divided by 54.
50
Suppose 3*m + 408 = 465. Let f(c) = -14*c. Let v be f(-10). Suppose -3*o = -0*t - 3*t - 180, -5*t = 3*o - v. Calculate the remainder when o is divided by m.
17
Let b be (-20)/5*(-19)/4. Suppose -5 - b = 2*u. Let f = 36 + u. Calculate the remainder when f is divided by 3.
0
Calculate the remainder when 17 - (-8)/((-88)/(-913)) is divided by 38.
24
Let j(w) = 5*w**2 - w - 16. What is the remainder when 315 is divided by j(6)?
157
Suppose i = -3*i - 4*r + 664, -4*i - 5*r + 663 = 0. Calculate the remainder when i is divided by (14 - 0)*12/14.
11
Suppose 0 = 3*w - 63 + 3. Suppose 5*s - 5*t - 130 = 0, 3*s - 75 = -0*s + 2*t. Suppose s = 7*f - 61. What is the remainder when w is divided by f?
8
Let t(a) = -a**3 - 5*a**2 + 5*a - 8. Let z be t(-6). What is the remainder when 80 is divided by ((-21)/z)/(15/20)?
10
Let a = -171 + -69. Let q(j) = j**2 + 38. Calculate the remainder when q(0) is divided by (3/6)/((-12)/a).
8
Suppose -9155 = -2*b - 3*y - 9152, 4*y = -b - 16. What is the remainder when 24323 is divided by b?
11
Suppose -29*j - 11*j = -138614 - 350226. What is the remainder when j is divided by 18?
17
Let m = 358 - 355. Let n be 358/8 + (-2)/(-8). Suppose l = 5*o + n, 4*o = l + m*l - 100. Calculate the remainder when l is divided by 12.
8
Suppose -23*w - 2*s - 168 = -27*w, -2*s + 96 = 2*w. Calculate the remainder when 521 is divided by w.
37
Let y(t) = 3*t**3 - 222*t**2 + 34. What is the remainder when 132 is divided by y(74)?
30
Suppose 970 = d - 3*v, 4*d - 4*v = 5545 - 1665. Suppose 0 = 5*m - 5*i - d, 5*m - 789 = -4*i + 154. What is the remainder when m is divided by 6?
5
Suppose -2*l = -i - 79 + 18, 58 = 2*l - 2*i. Suppose -283547*n + 283571*n - 264 = 0. Calculate the remainder when l is divided by n.
10
Suppose 45*k = 213454 - 15409. Calculate the remainder when k is divided by 17.
15
Suppose -5*d = 5*q - 235, 7*d = 3*d + 12. Let z be (20/6 - 2)*6. Calculate the remainder when q is divided by (-2)/(z/(-44)) + -2.
8
Let s be (-50)/(-8) + 26/(-104). Suppose -k - 4*t + s = k, -3*k - 4*t = -13. What is the remainder when 137 is divided by k?
4
Let g(z) = -12*z - 24. Let t be g(-2). Suppose 7*j - 208 + 110 = t. Suppose 0 = 2*h - 26 - 22. Calculate the remainder when h is divided by j.
10
Let r = -35 + 37. Suppose -31 = -4*s + 3*w, -r*s + 0*s - 3*w + 11 = 0. Let i(j) = j - 3. Calculate the remainder when 14 is divided by i(s).
2
Let d = 50 + -47. Let b = d - -4. What is the remainder when 2/((36/40)/9) is divided by b?
6
Let n(c) = -c + 21. Let i be n(17). Suppose -i = -k + 16. Suppose 7 = -h + k. What is the remainder when 51 is divided by h?
12
Let k = -55 + 50. Let n be (2 + k)*(6*9)/2. Let q = n - -156. Calculate the remainder when q is divided by 26.
23
Suppose 2*w - 3*y - 66 = 0, 3*w + 5*y = 3*y + 99. Let q(f) = 894*f + 5407. What is the remainder when q(-6) is divided by w?
10
Let s(u) = 27*u - 23. Let t be s(1). Suppose t*c + 177 - 673 = 0. What is the remainder when c is divided by 37?
13
Let j = 234 - 229. Suppose 0 = -5*a + j, 3*o + 2*a - 5*a - 69 = 0. Calculate the remainder when 46 is divided by o.
22
Let x(s) = 17*s**2 + 26*s - 33. What is the remainder when x(-7) is divided by 206?
0
Let q = -8975 + 11750. Calculate the remainder when q is divided by 87.
78
Let w = -4574 + 12941. Calculate the remainder when w is divided by 93.
90
What is the remainder when 5636 is divided by (116/(-928) - (-374)/(-16))*-6?
137
Suppose 39932*j - 39952*j = -130 - 330. Calculate the remainder when (-1)/(-3) - 250/(-6) is divided by j.
19
Suppose -22*x + 21734 - 14848 = 0. What is the remainder when x is divided by 64?
57
Let p(d) = 2*d + 6. Let r be p(-3). Let m(c) = -2*c**2 - 6*c + 18. Let t be m(-4). Suppose r = -t*u + 12*u - 34. What is the remainder when 28 is divided by u?
11
Let a(p) = p**3 - 85*p**2 + 63. Calculate the remainder when 549 is divided by a(85).
45
Suppose 0 = 4*q + 2*o - 22, 7 = 4*q + 5*o - 24. Suppose -4 = q*z, 5*r - 2*z = 3*r + 278. What is the remainder when r is divided by 46?
0
Suppose 724 + 968 = 9*n. Let i = n - 161. What is the remainder when i is divided by (-1 + -2 - 12)*-1?
12
Suppose 19*t - 29 = 85. What is the remainder when 22 is divided by (-21)/t*(-544)/112?
5
Let r be 56/(-42)*69/2. Let v = -32 - r. Calculate the remainder when 97 is divided by (-2124)/(-84) - 4/v.
22
Let r(y) = -y**2 - 15*y - 20. Let k be r(-13). Let z be (-2)/3 + 28/k. Suppose -z*i + 629 = 25. What is the remainder when i is divided by 31?
27
Let f be ((-2)/(-9) - 6/27) + 3. Let q be (f/9)/((-58)/30 + 2). Suppose q*r - 120 - 45 = 0. What is the remainder when r is divided by 9?
6
Suppose -2*x + 2*w + 744 + 700 = 0, 5*w = x - 738. Let f = x - 339. What is the remainder when f is divided by 19?
18
Let h = 13 - 3. Suppose s - h = 6*s, 5*s - 75 = -5*i. Let n = i - -160. What is the remainder when n is divided by 20?
17
Calculate the remainder when 1486216/6216 - (-4)/(-42) is divided by 6.
5
Suppose 49 = 4*t - 47. What is the remainder when t is divided by (-76)/209 + (114/77)/(9/63) + -7?
0
Suppose -30 = -4*h - 2*m, 0*m = m - 1. Suppose 0 = 6*w - h*w - 28. Let x = 31 + w. Calculate the remainder when 4 is divided by x.
1
Let k be 220 + -2 - 1/((-3)/9). Suppose -225*u = -k*u - 60. What is the remainder when u is divided by 6?
3
What is the remainder when (-121 - 28)/(1/(-3)) is divided by 3?
0
Let s = 28 - 30. What is the remainder when 358 is divided by (61 - (s + 9))/((-6)/(-4))?
34
Let a(m) = 2*m**3 + m**2 - 3*m - 9. Let k be a(-2). Calculate the remainder when ((-3)/(-2) - 3)/(k/950) is divided by 8.
7
Let l = 165 - 160. Suppose 0*k - 5*k - 255 = -2*r, r = -l*k + 90. What is the remainder when r is divided by 37?
4
Suppose -3*s - 97 = -325. Let a = 96 - s. Calculate the remainder when (0 - -3)/((-3)/(-79)) is divided by a.
19
Suppose l + 376 = 66*l - 14. What is the remainder when 289 is divided by l?
1
Let b = 152 + 223. Calculate the remainder when b is divided by (4 + 3 - (-627)/(-66))*104/(-20).
11
Suppose 0 = 34*i - 32*i + 560. Let o = 415 + i. What is the remainder when o is divided by 28?
23
Suppose -5*l = -5*d - 305, -4*l - 5*d = -3*l - 37. Suppose 9 = -54*v + l*v. Calculate the remainder when -2 + 175 + -6 + v/(-1) is divided by 42.
38
Suppose -24 = 4*h, 43*y - 3*h = 40*y + 2691. What is the remainder when y is divided by 109?
19
Let x = 42 - -3. Let d = x + -30. Suppose 5 = 5*b, 17*n - b = 18*n - 28. What is the remainder when n is divided by d?
12
Let q = 4 + 2. Let z(m) = 20*m**2 - 4*m - 10. Let a be z(5). What is the remainder when (a/(-20))/(1/(-2)) is divided by q?
5
Let d(z) = z**2 + 3*z - 375. What is the remainder when 7031 is divided by d(18)?
2
Let h = -16764 + 16840. Calculate the remainder when 5388 is divided by h.
68
Let c(r) = -3*r**3 - 6*r**2 - 5*r - 9. Let k be c(-4). Let h = 185 - k. Let f = 432 + -412. Calculate the remainder when h is divided by f.
18
Let w = 386 - 292. Let h = w + -82. What is the remainder when (-19 - 0/3)*-1 is divided by h?
7
Let k(z) = -z**2 + 15*z - 26. Let i be (2/(-5))/((-8)/(-160)). Let t = i - -20. What is the remainder when 38 is divided by k(t)?
8
Let w(h) = h**3 + 18*h**2 - 163*h - 2929. Calculate the remainder when 2*12 + -2 + 4 is divided by w(-18).
1
Suppose 0*s + 3*s = 123. Suppose -766*u + 405414 = -225*u + 625*u + 841*u. Calculate the remainder when u is divided by s.
38
Let p(r) = r**2 - 89*r + 4423. What is the remainder when p(100) is divided by 291?
285
Let s(f) = 295*f - 534. Let i(d) = 2*d**2 + 2. Calculate the remainder when i(9) is divided by s(2).
52
Calculate the remainder when 1392 is divided by ((-1)/2*-62)/(6/30).
152
Suppose -5*c + 1 = 6. Let w be ((-126)/168)/(c/96*-2). Let f = w - -45. What is the remainder when 17 is divided by f?
8
Let v be (15/1)/(2 + 